 + 13. Let v be o(u). Let t(p) = p - 10. What are the prime factors of t(v)?
3
Let m = -10936 - -12442. List the prime factors of m.
2, 3, 251
Let r(n) = 25534*n**2 + 340*n + 342. What are the prime factors of r(-1)?
2, 3, 7, 19
Suppose 671 = -4*a - 217. Suppose 317 = -437*r + 435*r + g, 2*g = -2. Let m = r - a. What are the prime factors of m?
3, 7
Let g(b) = -2 - 3 - 8 - 8*b - 2. Let s be g(-8). List the prime factors of 12/16 - s/(-4).
13
Let x = -36859 + 63902. What are the prime factors of x?
27043
Let u = 369 + -154. Let j = u + -91. What are the prime factors of j?
2, 31
Suppose -5*q + 12*y - 14*y + 71629 = 0, -5*y = 5*q - 71635. List the prime factors of q.
3, 5, 191
Suppose -h + 3*d = 8, -3*h = h - d + 54. Let w(k) = 2*k**2 + 2*k + 18. Let y be w(h). Let p = y + -182. List the prime factors of p.
2, 5
Let n(c) = 4*c + 2. Let f be n(0). Suppose 1 = 5*j + 4*r + f, 0 = j + 4*r + 13. Suppose -29 = -5*t - j*w, 15 = 6*w - w. List the prime factors of t.
2
What are the prime factors of 788/(5745/(-360) + 16)?
2, 3, 197
Suppose -16*z = -40*z + 3456. Suppose 4*h + 8 - z = 0. What are the prime factors of h?
2, 17
Let w = 18 - -39. Let q = -52 + w. Suppose 5*s - h = 353, q*s + 4*h = -0*s + 363. What are the prime factors of s?
71
Let t be -4 + (-340)/(-90) - 40/(-18). Suppose -3*n = 5*k - 6*k - 1231, t*n + k - 819 = 0. List the prime factors of n.
2, 5, 41
Let v = -309 - -315. Suppose 0 = -v*j + 7*j - 135. List the prime factors of j.
3, 5
Let f = 237 - 229. Suppose -4*z - 4*q + 2312 = 0, -2908 = -5*z - f*q + 12*q. List the prime factors of z.
2, 5, 29
Suppose -5*o + 10 = 0, -21*s + 2*o + 42767 = -18*s. What are the prime factors of s?
53, 269
Suppose -56*d + 63*d + 28 = 0. Let p(x) = -x**3 - 5*x**2 + 3*x - 5. Let n be p(d). Let w = n + 252. List the prime factors of w.
3, 73
Suppose -2*b + v + 12 = 0, -3*v - 2*v = -b + 6. Suppose -b*n + n = -j - 275, -4*j = -n + 55. Let m = 63 + n. What are the prime factors of m?
2, 59
Let h = -68747 - -102663. What are the prime factors of h?
2, 61, 139
Let q(j) = -j**3 - 16*j**2 + 15*j - 32. Let a be q(-17). Suppose 4*k = 2*v + 736, -5*v = -a*k - 2*k + 742. List the prime factors of k.
3, 61
Let v be 1/(-4) + 9/(-12) - (-43 - 4). Let i(c) = -41*c**3 - c**2 + 2*c - 1. Let p be i(1). Let g = v - p. List the prime factors of g.
3, 29
Let c(k) = -8*k**2 + 8*k + 8746. List the prime factors of c(0).
2, 4373
Suppose 166*q - 159*q - 8029 = 0. Suppose 0 = -3*u + 1127 + q. What are the prime factors of u?
2, 379
Let h(m) = 31*m**3 + 3*m**2 - 10*m + 32. What are the prime factors of h(6)?
2, 7, 11
Suppose -3*w + 3*b = -1830, -689 - 2357 = -5*w + b. What are the prime factors of (528/7)/(58/w)?
2, 3, 11
Let d(i) = -i**2 + 39*i - 15*i - 35*i + 40. List the prime factors of d(-11).
2, 5
What are the prime factors of (-21)/(-49) - (646260/21)/(-4)?
2, 3847
Suppose 7*z - 305 - 500 = 0. Suppose 3*m + z = 4*m - f, 4*m - 2*f = 456. List the prime factors of m.
113
Let f(t) = 2*t**2 - 12*t - 10. Let p be f(7). Suppose -5*r = -p*m + 1842, -m - 3*r + 6*r + 457 = 0. What are the prime factors of m?
463
Let q = 38352 + 15972. List the prime factors of q.
2, 3, 503
Suppose 7*o - o - 6 = 0. Let t be o*((1 + -1)/3 - 0). Suppose 4*a + 4*a - 744 = t. What are the prime factors of a?
3, 31
Let p(x) = -5452*x + 245. What are the prime factors of p(-1)?
3, 211
List the prime factors of (-377)/((-2305)/575 - -4) + (3 - 3).
5, 13, 23, 29
Suppose -40*t + 24*t + 16 = 0. Suppose -4*d = -2*d - 2. List the prime factors of d + 181 + t/(2 + -3).
181
Let l be (3 + -6)/3*-5. Let a(o) = 9*o**2 + 31*o - 129. List the prime factors of a(l).
251
Suppose -64*g - 25019 = -1001732 - 1420215. What are the prime factors of g?
2, 3, 3121
Suppose 212*n - 297227 - 200701 = 425544. What are the prime factors of n?
2, 3, 11
Let w = -153 + 136. Suppose 7*i - 399 = 4*i - 5*h, 0 = i - 3*h - 119. Let g = w + i. What are the prime factors of g?
3, 37
Suppose -12390 = 150*v - 157*v + 101115. What are the prime factors of v?
3, 5, 23, 47
Let w be 6/(-10) + (231396/(-15))/(-4). Suppose -5*t + 1589 + w = 5*g, 5*t + 3235 = 3*g. What are the prime factors of g?
5, 7, 31
Suppose d - 713 = -5*o - 2*d, 4*o - 5*d = 600. Suppose 6*g - 35 = o. List the prime factors of (-1 + (-197)/(-3))/(g/45).
97
Let x = 168 + 116. Suppose -17*k = -16*k - x. List the prime factors of k.
2, 71
Let v(q) = -q**3 - 2*q**2 + q - 4. Let d be v(0). Let f(g) = -20*g**3 + 10*g**2 + 7*g - 2. List the prime factors of f(d).
2, 3, 5, 47
Let u(n) = -n**3 + 12*n**2 + 190*n + 99. What are the prime factors of u(-16)?
3, 1409
Suppose -6*i = -414 - 750. Let b = i - 8. What are the prime factors of b?
2, 3, 31
Suppose j - 5*u + 559 = 0, 5*j = 8*j - 5*u + 1697. Let g = j + 994. List the prime factors of g.
5, 17
Suppose p - 6*p - 5*u + 45 = 0, 5*u = -4*p + 38. Suppose 16 = -p*k - 131. List the prime factors of (-1335)/(-21) - (-12)/k.
3, 7
Let v(l) = 60*l**2 - 4*l + 10. Let i be v(2). Suppose 2*a = 4*x + x + i, x + 389 = 3*a. What are the prime factors of a?
131
Suppose 23*h = -17*h. Suppose -22*x + x + 4515 = h. What are the prime factors of x?
5, 43
What are the prime factors of 4561/(1/3*30/(30/3))?
4561
Suppose h = -2*s + 14, 2*s = -2*h - 3*h + 46. Let n(t) = t - h + 8 + 5 - 9*t. What are the prime factors of n(-4)?
37
Suppose -7*l + 38 = 10. Suppose -3*j + 5*u - 59 = 0, j = -u + l*u - 21. Let m = 26 - j. List the prime factors of m.
2, 11
Let j(d) = 26*d**2 + 230*d - 13. List the prime factors of j(-23).
3, 313
Let g(k) = -381*k + 4603. List the prime factors of g(-65).
2, 3671
Let b(u) = 10*u - 40. Let a(q) = 4*q**3 + 2*q**2 + 3*q - 2. Let g be a(3). Let t = g + -120. List the prime factors of b(t).
2, 3, 5
Suppose -189*j + 2906583 = 33*j + 103611. What are the prime factors of j?
2, 59, 107
Suppose -5*r + 26 - 31 = 0. Let j = r - 15. List the prime factors of 3/4 + (-324)/j.
3, 7
Let t = 4461 - -1148. List the prime factors of t.
71, 79
Suppose -4*v = -209 + 273. Let a(r) = -26*r - 43. List the prime factors of a(v).
373
Suppose -3*g + g = 8. Let i be g/(-10) - (504/35 - 8). Let y(f) = 5*f**2 + 19. What are the prime factors of y(i)?
199
Let p(o) = -o**2 + 8*o - 13. Let m be p(5). Suppose m*y = 861 - 109. List the prime factors of y.
2, 47
Suppose -905588 = 603*q - 13603275 - 13992299. What are the prime factors of q?
2, 3, 2459
Let l(n) = 3*n**3 + 2*n**2 - 3*n + 2. Suppose 8 = -3*o - o - 2*z, 3*z - 8 = 4*o. Let h be ((-2)/4)/(o/4). What are the prime factors of l(h)?
2
Let o = 17 - 40. Let d = o + 45. Suppose 16 = m - d. List the prime factors of m.
2, 19
Suppose 15 = 4*u + 51. Let r(t) = 3*t**2 + 16*t - 27. Let o be r(u). Let a = o + -34. List the prime factors of a.
2, 19
What are the prime factors of (6 + -7 + 113344/(-8))/(-1)?
3, 4723
Let k(i) = -13*i - 180. Let n be k(-48). Let z = n + -398. List the prime factors of z.
2, 23
Suppose -37479 = -b - 2*o, -69*o - 149892 = -4*b - 65*o. What are the prime factors of b?
5, 1499
Suppose -5 = -3*i + 1. Suppose 2*c + 317 = 2*u - 611, 0 = -i*c - 10. What are the prime factors of u?
3, 17
Let w = 8 + -2. Let m be 1 + (8/(-12))/((-2)/(-3)). Suppose 0 = 5*j + 4 + w, -3*h + 4*j + 500 = m. List the prime factors of h.
2, 41
Let l be (-1)/2 + (-1305)/(-58). Suppose -c - 58 = -l. List the prime factors of (-470)/(-8) + (-45)/c.
2, 3, 5
Suppose z = 3*w + 14158, 4*z - 198*w - 56610 = -197*w. What are the prime factors of z?
2, 29, 61
Suppose -2*g - 3*c = -11, -3*c + 26 = 4*g - 5. Let k(w) be the first derivative of 13*w**2/2 + 25*w + 26. What are the prime factors of k(g)?
5, 31
Let c be -4*(-1 - -1*(-4)/(-8)). List the prime factors of -157*(-2 + (c - (-3)/(-1))).
3, 157
What are the prime factors of ((-34174)/(-210))/((-1)/3)*-10?
2, 2441
Let m = 13185 - -7033. List the prime factors of m.
2, 11, 919
List the prime factors of -25*(-18)/(-45) + 47564.
2, 13, 31, 59
Let u = 72 - 69. Suppose u*m + 229 = 973. Suppose 4*h = 2*h + m. List the prime factors of h.
2, 31
Let q(w) be the second derivative of 8*w**2 + 31*w - 5/6*w**3 - 1/10*w**5 - 23/12*w**4 + 0. What are the prime factors of q(-12)?
2, 5, 11
Suppose -49046 = -130*i + 248920 + 243224. What are the prime factors of i?
23, 181
What are the prime factors of ((-4618)/(-8))/(69/552)?
2, 2309
Let g(y) = 237*y